t are the prime factors of 72461826?
2, 3, 4025657
What are the prime factors of 11792742?
2, 3, 13, 151189
What are the prime factors of 100048768?
2, 781631
List the prime factors of 18134448.
2, 3, 377801
List the prime factors of 2189832667.
11, 199075697
List the prime factors of 285487434.
2, 3, 383, 41411
What are the prime factors of 99914276?
2, 7, 11, 324397
What are the prime factors of 1976886443?
7, 282412349
What are the prime factors of 74458487?
17, 4379911
What are the prime factors of 76724829?
3, 8524981
List the prime factors of 1587085321.
2459, 645419
What are the prime factors of 28747233?
3, 829, 3853
List the prime factors of 10029394.
2, 439, 11423
What are the prime factors of 187808884?
2, 577, 81373
What are the prime factors of 1524895647?
3, 11, 46208959
List the prime factors of 195646555.
5, 13, 739, 4073
What are the prime factors of 2659346297?
4441, 598817
List the prime factors of 54434886.
2, 3, 11, 19, 83, 523
List the prime factors of 275392864.
2, 1151, 7477
What are the prime factors of 383202882?
2, 3, 17, 67, 18691
What are the prime factors of 1742768519?
79, 22060361
List the prime factors of 32713499.
7, 13, 27653
List the prime factors of 1687864907.
17, 139, 42017
What are the prime factors of 49190275?
5, 127, 15493
List the prime factors of 5106110199.
3, 1702036733
What are the prime factors of 4440632778?
2, 3, 73, 3379477
What are the prime factors of 112838817?
3, 7, 13, 137, 431
List the prime factors of 2212790181.
3, 7, 105370961
List the prime factors of 63131226.
2, 3, 41, 353, 727
What are the prime factors of 26032163?
661, 39383
List the prime factors of 24752066.
2, 739, 16747
What are the prime factors of 1796071187?
1796071187
List the prime factors of 5471369308.
2, 1367842327
List the prime factors of 29436146.
2, 17, 865769
List the prime factors of 60409410.
2, 3, 5, 43, 46829
What are the prime factors of 690009512?
2, 86251189
What are the prime factors of 662353622?
2, 7, 1559, 30347
List the prime factors of 8392331.
41, 107, 1913
List the prime factors of 46355688.
2, 3, 29, 149
What are the prime factors of 322855881?
3, 107618627
List the prime factors of 8763087.
3, 2921029
List the prime factors of 4345516602.
2, 3, 7, 3169, 10883
List the prime factors of 7081820.
2, 5, 354091
What are the prime factors of 979068829?
8087, 121067
What are the prime factors of 513225526?
2, 11, 23328433
List the prime factors of 197376053.
7, 61, 462239
What are the prime factors of 8092039900?
2, 5, 7, 211, 54787
List the prime factors of 18883986.
2, 3, 11, 19, 37
List the prime factors of 127658997.
3, 1576037
List the prime factors of 237876155.
5, 11, 17, 254413
List the prime factors of 18131846.
2, 9065923
List the prime factors of 258100773.
3, 7, 109, 112757
What are the prime factors of 2216663960?
2, 5, 7, 1130951
List the prime factors of 35530743.
3, 31, 71, 5381
List the prime factors of 309344983.
309344983
List the prime factors of 50940693.
3, 1153, 4909
List the prime factors of 217976047.
139, 1568173
List the prime factors of 364058648.
2, 45507331
List the prime factors of 15921066.
2, 3, 7, 379073
List the prime factors of 14062324.
2, 1277, 2753
What are the prime factors of 397564652?
2, 17, 5846539
List the prime factors of 1083951995.
5, 7, 19, 29, 56207
List the prime factors of 136755117.
3, 15195013
What are the prime factors of 90165073?
113, 131, 6091
List the prime factors of 7051434435.
3, 5, 547, 286469
What are the prime factors of 1783835765?
5, 356767153
What are the prime factors of 2934223683?
3, 29, 53, 636353
List the prime factors of 1257961022.
2, 809, 777479
What are the prime factors of 233013716?
2, 13, 37, 163, 743
List the prime factors of 1378674012.
2, 3, 2069, 55529
List the prime factors of 632438297.
829, 762893
List the prime factors of 56339254.
2, 28169627
List the prime factors of 2216927147.
1291, 1717217
List the prime factors of 55129036.
2, 31, 444589
List the prime factors of 1809109595.
5, 17851, 20269
List the prime factors of 2970201353.
7, 19, 1451, 15391
What are the prime factors of 2576527?
157, 16411
List the prime factors of 38731108.
2, 13, 744829
What are the prime factors of 1492313432?
2, 59, 3161681
What are the prime factors of 164193281?
7, 23456183
What are the prime factors of 1642049244?
2, 3, 11, 17, 243917
What are the prime factors of 694495586?
2, 347247793
List the prime factors of 77603133.
3, 25867711
What are the prime factors of 1682743036?
2, 13, 1423, 22741
What are the prime factors of 5608741?
5608741
What are the prime factors of 151491591?
3, 16832399
List the prime factors of 190383463.
29, 37, 177431
List the prime factors of 4061055437.
13043, 311359
What are the prime factors of 1068672484?
2, 11, 89, 24809
What are the prime factors of 38310862?
2, 2237, 8563
List the prime factors of 127957685.
5, 19, 73, 18451
List the prime factors of 16612964.
2, 43, 96587
What are the prime factors of 183559472?
2, 17, 674851
List the prime factors of 602701241.
602701241
What are the prime factors of 178310325?
3, 5, 2377471
List the prime factors of 1297284105.
3, 5, 13, 6652739
List the prime factors of 90089488.
2, 19, 296347
List the prime factors of 1326513300.
2, 3, 5, 7, 90239
List the prime factors of 24829490.
2, 5, 7, 43, 73, 113
List the prime factors of 2800038.
2, 3, 466673
List the prime factors of 792938910.
2, 3, 5, 26431297
List the prime factors of 47082986.
2, 31, 109, 6967
What are the prime factors of 717106027?
11, 2017, 32321
List the prime factors of 403089284.
2, 13, 79, 98123
What are the prime factors of 48868024?
2, 1811, 3373
What are the prime factors of 1339353495?
3, 5, 9921137
List the prime factors of 2569126898.
2, 13, 98812573
List the prime factors of 73879076.
2, 17, 31, 101, 347
List the prime factors of 151654220.
2, 5, 89, 85199
List the prime factors of 3412759198.
2, 73, 1201, 19463
What are the prime factors of 284753953?
11, 67, 386369
List the prime factors of 4888067846.
2, 71, 34423013
What are the prime factors of 891608977?
7, 251, 507461
What are the prime factors of 1141775474?
2, 7, 19, 43, 99823
List the prime factors of 1780663878.
2, 3, 7, 17, 487, 569
List the prime factors of 14889784.
2, 7, 13, 113, 181
List the prime factors of 1566658399.
12973, 120763
List the prime factors of 77595748.
2, 19398937
List the prime factors of 2206908471.
3, 5087, 144611
List the prime factors of 1114238312.
2, 11, 23, 550513
What are the prime factors of 59230407?
3, 787, 25087
List the prime factors of 163382843.
13, 19, 43, 15383
What are the prime factors of 36035486?
2, 521, 34583
List the prime factors of 668632599.
3, 74292511
What are the prime factors of 6521906?
2, 109, 29917
What are the prime factors of 3511360506?
2, 3, 17, 47, 732449
What are the prime factors of 340931888?
2, 11, 29, 66797
What are the prime factors of 243680468?
2, 60920117
What are the prime factors of 921053638?
2, 11551, 39869
List the prime factors of 1168616986.
2, 4877, 119809
List the prime factors of 466876436.
2, 13, 19, 521, 907
List the prime factors of 55416223.
23, 2409401
What are the prime factors of 175498852?
2, 83, 528611
What are the prime factors of 579795260?
2, 5, 11, 19, 29, 4783
What are the prime factors of 49555381?
2861, 17321
List the prime factors of 105765417.
3, 11751713
What are the prime factors of 108267596?
2, 59, 193, 2377
List the prime factors of 124348101.
3, 41449367
List the prime factors of 2024634375.
3, 5, 71987
What are the prime factors of 372493536?
2, 3, 107, 36263
List the prime factors of 71001413.
7, 181, 56039
List the prime factors of 45372959.
61, 743819
What are the prime factors of 2145470697?
3, 238385633
What are the prime factors of 39332874?
2, 3, 7, 29, 43, 751
List the prime factors of 93282906.
2, 3, 31, 241, 2081
What are the prime factors of 3737771976?
2, 3, 155740499
List the prime factors of 762394213.
7, 37, 2943607
List the prime factors of 641660641.
29, 22126229
List the prime factors of 54981230.
2, 5, 17, 323419
List the prime factors of 112320284.
2, 1531, 18341
List the prime factors of 504011741.
504011741
List the prime factors of 513336571.
11, 4242451
List the prime factors of 4832980944